{"id":1606,"date":"2019-06-10T18:14:57","date_gmt":"2019-06-10T22:14:57","guid":{"rendered":"http:\/\/www.creativebonfire.com\/ife\/productos\/especiales\/herramienta-de-instalacion-flexible\/"},"modified":"2020-09-13T15:26:26","modified_gmt":"2020-09-13T19:26:26","slug":"herramienta-de-instalacion-flexible","status":"publish","type":"page","link":"https:\/\/creativebonfire.com\/ife\/productos\/especiales\/herramienta-de-instalacion-flexible\/?lang=es","title":{"rendered":"Herramienta de instalaci\u00f3n flexible"},"content":{"rendered":"<p>[et_pb_section fb_built=&#8221;1&#8243; fullwidth=&#8221;on&#8221; disabled_on=&#8221;on|on|&#8221; admin_label=&#8221;Mega Menu &#8211; Specials&#8221; module_class=&#8221;specials-on&#8221; _builder_version=&#8221;3.22.3&#8243; background_color=&#8221;#ffd24f&#8221; border_width_top=&#8221;2px&#8221; border_color_top=&#8221;#ffffff&#8221; border_width_bottom=&#8221;2px&#8221; border_color_bottom=&#8221;#ffffff&#8221; collapsed=&#8221;off&#8221;][et_pb_quadmenu menu_id=&#8221;7&#8243; menu_theme=&#8221;custom_theme_1&#8243; _builder_version=&#8221;3.17.6&#8243;][\/et_pb_quadmenu][\/et_pb_section][et_pb_section fb_built=&#8221;1&#8243; admin_label=&#8221;H1&#8243; _builder_version=&#8221;3.22.3&#8243; background_color=&#8221;#000000&#8243; custom_padding=&#8221;0px||0px|&#8221;][et_pb_row _builder_version=&#8221;3.25&#8243; custom_padding=&#8221;||1.2%|&#8221;][et_pb_column type=&#8221;4_4&#8243; _builder_version=&#8221;3.25&#8243; custom_padding=&#8221;|||&#8221; custom_padding__hover=&#8221;|||&#8221;][et_pb_text admin_label=&#8221;Product Name&#8221; module_id=&#8221;product-head&#8221; _builder_version=&#8221;3.27.4&#8243; header_text_color=&#8221;#ffd24f&#8221; header_font_size=&#8221;72px&#8221;]<\/p>\n<h1>IFE-FIT<\/h1>\n<h2>Herramienta de instalaci\u00f3n flexible<\/h2>\n<p>[\/et_pb_text][\/et_pb_column][\/et_pb_row][\/et_pb_section][et_pb_section fb_built=&#8221;1&#8243; _builder_version=&#8221;3.22.3&#8243; background_color=&#8221;rgba(255,255,255,0)&#8221;][et_pb_row column_structure=&#8221;1_2,1_2&#8243; _builder_version=&#8221;3.25&#8243; background_size=&#8221;initial&#8221; background_position=&#8221;top_left&#8221; background_repeat=&#8221;repeat&#8221; custom_padding=&#8221;||0px&#8221;][et_pb_column type=&#8221;1_2&#8243; _builder_version=&#8221;3.25&#8243; custom_padding=&#8221;|||&#8221; custom_padding__hover=&#8221;|||&#8221;][et_pb_text _builder_version=&#8221;3.27.4&#8243; locked=&#8221;off&#8221;]<\/p>\n<p>La herramienta de instalaci\u00f3n profesional IFE-FIT de abrazaderas para manguera es muy flexible, por lo que puede llegar a lugares dif\u00edciles de alcanzar. El casquillo reversible en dos extremos (suministrado con cada herramienta) sirve para los dos tama\u00f1os de cabeza hexagonal m\u00e1s utilizados para los flejes de las abrazaderas. Hay dos versiones disponibles, una para abrazaderas de estilo americano y otra para abrazaderas de estilo europeo.<\/p>\n<ul>\n<li>Para las abrazaderas de estilo americano IFE-AS, IFE-AS2 y IFE-LPC el enchufe reversible es de 1\/4 &#8221; en un extremo y de 5\/16&#8243; en el otro<\/li>\n<li>Para las abrazaderas de estilo europeo IFE-MC, IFE-GS, IFE-SS la toma reversible es de 6 mm en un extremo y de 7 mm en el otro<\/li>\n<li>El dise\u00f1o ergon\u00f3mico de la manija permite que las abrazaderas sean instaladas f\u00e1cilmente con el m\u00ednimo esfuerzo<\/li>\n<li>El eje flexible es de 7&#8243; de largo<\/li>\n<\/ul>\n<p>[\/et_pb_text][et_pb_button button_url=&#8221;https:\/\/creativebonfire.com\/ife\/wp-content\/uploads\/2020\/09\/IFE-FIT-Product-Data-Sheet09-2020.pdf&#8221; url_new_window=&#8221;on&#8221; button_text=&#8221;Descargar hoja de especificaciones (PDF)&#8221; disabled_on=&#8221;off|off|off&#8221; admin_label=&#8221;Download Product Sheet Button&#8221; _builder_version=&#8221;4.3.2&#8243; custom_button=&#8221;on&#8221; button_text_size=&#8221;16&#8243; button_text_color=&#8221;#000000&#8243; button_bg_color=&#8221;#cccccc&#8221; button_border_width=&#8221;0&#8243; button_font=&#8221;|700|||||||&#8221; button_icon=&#8221;%%233%%&#8221; hover_enabled=&#8221;0&#8243;][\/et_pb_button][\/et_pb_column][et_pb_column type=&#8221;1_2&#8243; _builder_version=&#8221;3.25&#8243; custom_padding=&#8221;|||&#8221; custom_padding__hover=&#8221;|||&#8221;][et_pb_image src=&#8221;https:\/\/creativebonfire.com\/ife\/wp-content\/uploads\/2019\/01\/product-fit.jpg&#8221; alt=&#8221;Herramienta de instalaci\u00f3n flexible&#8221; show_bottom_space=&#8221;off&#8221; align_tablet=&#8221;center&#8221; align_phone=&#8221;&#8221; align_last_edited=&#8221;on|desktop&#8221; _builder_version=&#8221;3.23&#8243;][\/et_pb_image][\/et_pb_column][\/et_pb_row][et_pb_row _builder_version=&#8221;3.25&#8243; locked=&#8221;off&#8221;][et_pb_column type=&#8221;4_4&#8243; _builder_version=&#8221;3.25&#8243; custom_padding=&#8221;|||&#8221; custom_padding__hover=&#8221;|||&#8221;][et_pb_text admin_label=&#8221;Heading&#8221; _builder_version=&#8221;3.27.4&#8243; text_font=&#8221;|700|||||||&#8221; text_text_color=&#8221;#000000&#8243; background_color=&#8221;#ffd24f&#8221; text_orientation=&#8221;center&#8221; custom_margin=&#8221;||0px&#8221; custom_padding=&#8221;4px||4px|&#8221;]Especificaciones[\/et_pb_text][et_pb_code admin_label=&#8221;table&#8221; _builder_version=&#8221;3.24.1&#8243; custom_margin=&#8221;||0px&#8221; saved_tabs=&#8221;all&#8221;]<\/p>\n<div class=\"table\"><!-- [et_pb_line_break_holder] -->\t\t<\/p>\n<div class=\"table-row row-head\"><!-- [et_pb_line_break_holder] -->\t\t\t<\/p>\n<div class=\"table-cell black-cell\" style=\"width:30%\">IFE N\u00famero de pieza<\/div>\n<p><!-- [et_pb_line_break_holder] -->\t\t\t<\/p>\n<div class=\"table-cell black-cell\"style=\"width:30%\">IFE Descripci\u00f3n<\/div>\n<p><!-- [et_pb_line_break_holder] -->\t\t\t<\/p>\n<div class=\"table-cell black-cell\">Se puede utilizar con estos productos IFE<\/div>\n<p><!-- [et_pb_line_break_holder] -->\t\t<\/div>\n<p><!-- [et_pb_line_break_holder] -->\t\t<\/p>\n<div class=\"table-row\"><!-- [et_pb_line_break_holder] -->\t\t\t<\/p>\n<div class=\"table-cell\">13123602000000<\/div>\n<p><!-- [et_pb_line_break_holder] -->\t\t\t<\/p>\n<div class=\"table-cell\">IFE-FIT 1\/4&#8243;- 5\/16&#8243;<\/div>\n<p><!-- [et_pb_line_break_holder] -->\t\t\t<\/p>\n<div class=\"table-cell\">IFE-AS, IFE-AS2 y IFE-LPC<\/div>\n<p><!-- [et_pb_line_break_holder] -->\t\t<\/div>\n<p><!-- [et_pb_line_break_holder] -->\t\t<\/p>\n<div class=\"table-row\"><!-- [et_pb_line_break_holder] -->\t\t\t<\/p>\n<div class=\"table-cell\">13123603000000<\/div>\n<p><!-- [et_pb_line_break_holder] -->\t\t\t<\/p>\n<div class=\"table-cell\">IFE-FIT 6- 7 mm<\/div>\n<p><!-- [et_pb_line_break_holder] -->\t\t\t<\/p>\n<div class=\"table-cell\">IFE-MC, IFE-GS y IFE-SS<\/div>\n<p><!-- [et_pb_line_break_holder] -->\t\t<\/div>\n<p><!-- [et_pb_line_break_holder] -->\t<\/div>\n<p><!-- end table -->[\/et_pb_code][\/et_pb_column][\/et_pb_row][et_pb_row disabled_on=&#8221;off|off|off&#8221; admin_label=&#8221;Disclaimer Text Row&#8221; _builder_version=&#8221;3.25&#8243; background_size=&#8221;initial&#8221; background_position=&#8221;top_left&#8221; background_repeat=&#8221;repeat&#8221; custom_padding=&#8221;0px||0px||true&#8221; collapsed=&#8221;on&#8221;][et_pb_column type=&#8221;4_4&#8243; _builder_version=&#8221;3.25&#8243; custom_padding=&#8221;|||&#8221; custom_padding__hover=&#8221;|||&#8221;][et_pb_text admin_label=&#8221;Due to our program &#8230; Text&#8221; _builder_version=&#8221;3.27.4&#8243; text_font_size=&#8221;14px&#8221; text_orientation=&#8221;center&#8221;]<\/p>\n<p>Debido a nuestro programa de mejora continua, las especificaciones est\u00e1n sujetas a cambios.<\/p>\n<p>[\/et_pb_text][\/et_pb_column][\/et_pb_row][\/et_pb_section][et_pb_section fb_built=&#8221;1&#8243; specialty=&#8221;on&#8221; padding_bottom_2=&#8221;0px&#8221; admin_label=&#8221;Upper Footer&#8221; module_id=&#8221;upper-footer&#8221; _builder_version=&#8221;3.22&#8243; background_color=&#8221;#e6e7e8&#8243; custom_margin=&#8221;||0px|&#8221; custom_padding=&#8221;15px||0px|&#8221; border_width_top=&#8221;6px&#8221; border_color_top=&#8221;#ffd24f&#8221; locked=&#8221;off&#8221; collapsed=&#8221;on&#8221;][et_pb_column type=&#8221;3_4&#8243; specialty_columns=&#8221;3&#8243; _builder_version=&#8221;3.25&#8243; custom_padding=&#8221;|||&#8221; parallax__hover=&#8221;off&#8221; parallax_method__hover=&#8221;on&#8221; custom_padding__hover=&#8221;|||&#8221;][et_pb_row_inner column_structure=&#8221;1_3,1_3,1_3&#8243; admin_label=&#8221;Row&#8221; _builder_version=&#8221;3.25&#8243; custom_padding=&#8221;||0px|&#8221;][et_pb_column_inner type=&#8221;1_3&#8243; saved_specialty_column_type=&#8221;3_4&#8243; _builder_version=&#8221;3.25&#8243; custom_padding=&#8221;|||&#8221; parallax__hover=&#8221;off&#8221; parallax_method__hover=&#8221;on&#8221; custom_padding__hover=&#8221;|||&#8221;][et_pb_image src=&#8221;https:\/\/creativebonfire.com\/ife\/wp-content\/uploads\/2018\/11\/ife-logo.png&#8221; align_tablet=&#8221;center&#8221; align_phone=&#8221;&#8221; align_last_edited=&#8221;on|desktop&#8221; _builder_version=&#8221;3.23&#8243;][\/et_pb_image][\/et_pb_column_inner][et_pb_column_inner type=&#8221;1_3&#8243; saved_specialty_column_type=&#8221;3_4&#8243; _builder_version=&#8221;3.25&#8243; custom_padding=&#8221;|||&#8221; parallax__hover=&#8221;off&#8221; parallax_method__hover=&#8221;on&#8221; custom_padding__hover=&#8221;|||&#8221;][\/et_pb_column_inner][et_pb_column_inner type=&#8221;1_3&#8243; saved_specialty_column_type=&#8221;3_4&#8243; _builder_version=&#8221;3.25&#8243; custom_padding=&#8221;|||&#8221; parallax__hover=&#8221;off&#8221; parallax_method__hover=&#8221;on&#8221; custom_padding__hover=&#8221;|||&#8221;][\/et_pb_column_inner][\/et_pb_row_inner][et_pb_row_inner column_structure=&#8221;1_3,1_3,1_3&#8243; use_custom_gutter=&#8221;on&#8221; gutter_width=&#8221;2&#8243; admin_label=&#8221;Row&#8221; module_id=&#8221;upper-footer-text&#8221; _builder_version=&#8221;3.25&#8243;][et_pb_column_inner type=&#8221;1_3&#8243; saved_specialty_column_type=&#8221;3_4&#8243; _builder_version=&#8221;3.25&#8243; custom_padding=&#8221;|||&#8221; parallax__hover=&#8221;off&#8221; parallax_method__hover=&#8221;on&#8221; custom_padding__hover=&#8221;|||&#8221;][et_pb_text _builder_version=&#8221;3.27.4&#8243;]<strong>IFE Americas USA<\/strong><br \/>\n7000 Kensington Road<br \/>\nBrighton, MI 48116<br \/>\n<strong>Tel\u00e9fono:<\/strong> +1 (248) 446 1900<br \/>\n<strong>E-mail:<\/strong> <a href=\"mailto:info@ife-group.com\">info@ife-group.com<\/a>[\/et_pb_text][\/et_pb_column_inner][et_pb_column_inner type=&#8221;1_3&#8243; saved_specialty_column_type=&#8221;3_4&#8243; _builder_version=&#8221;3.25&#8243; custom_padding=&#8221;|||&#8221; parallax__hover=&#8221;off&#8221; parallax_method__hover=&#8221;on&#8221; custom_padding__hover=&#8221;|||&#8221;][et_pb_text _builder_version=&#8221;4.2.1&#8243;]<strong>IFE Americas M\u00e9xico<br \/>\n<\/strong>Bernardo Quintana 7001 Torre 2 \u2013 813<br \/>\nCol. Centro Sur. Quer\u00e9taro, Qro. 76090<br \/>\n<strong>Tel\u00e9fono:<\/strong> +52 (442) 245-1515<br \/>\n<strong>E-mail:<\/strong> <a href=\"mailto:info@ife-group.com\">info@ife-group.com<\/a>[\/et_pb_text][\/et_pb_column_inner][et_pb_column_inner type=&#8221;1_3&#8243; saved_specialty_column_type=&#8221;3_4&#8243; _builder_version=&#8221;3.25&#8243; custom_padding=&#8221;|||&#8221; parallax__hover=&#8221;off&#8221; parallax_method__hover=&#8221;on&#8221; custom_padding__hover=&#8221;|||&#8221;][et_pb_text _builder_version=&#8221;4.2.1&#8243;]<strong>IFE Europe Sweden<br \/>\n<\/strong>Ban\u00e9rgatan 51<br \/>\nSE-115 22 Stockholm<br \/>\n<strong>Tel\u00e9fono:<\/strong> +46 708 102 711<br \/>\n<strong>E-mail: <\/strong><a href=\"mailto:info@ife-group.com\">info@ife-group.com<\/a>[\/et_pb_text][\/et_pb_column_inner][\/et_pb_row_inner][\/et_pb_column][et_pb_column type=&#8221;1_4&#8243; _builder_version=&#8221;3.25&#8243; custom_padding=&#8221;|||&#8221; padding_bottom__hover=&#8221;0px&#8221; parallax__hover=&#8221;off&#8221; parallax_method__hover=&#8221;on&#8221; custom_padding__hover=&#8221;|||&#8221;][et_pb_sidebar area=&#8221;et_pb_widget_area_1&#8243; show_border=&#8221;off&#8221; admin_label=&#8221;Menu&#8221; _builder_version=&#8221;3.17.6&#8243; body_font=&#8221;|700|||||||&#8221; body_font_size=&#8221;18&#8243; body_line_height=&#8221;1.4em&#8221; custom_margin=&#8221;||0px|&#8221;][\/et_pb_sidebar][\/et_pb_column][\/et_pb_section]<\/p>\n","protected":false},"excerpt":{"rendered":"<p>IFE-FIT Herramienta de instalaci\u00f3n flexibleLa herramienta de instalaci\u00f3n profesional IFE-FIT de abrazaderas para manguera es muy flexible, por lo que puede llegar a lugares dif\u00edciles de alcanzar. El casquillo reversible en dos extremos (suministrado con cada herramienta) sirve para los dos tama\u00f1os de cabeza hexagonal m\u00e1s utilizados para los flejes de las abrazaderas. Hay dos [&hellip;]<\/p>\n","protected":false},"author":2,"featured_media":0,"parent":1539,"menu_order":26,"comment_status":"closed","ping_status":"closed","template":"","meta":{"_et_pb_use_builder":"on","_et_pb_old_content":"","_et_gb_content_width":"","_exactmetrics_skip_tracking":false,"_exactmetrics_sitenote_active":false,"_exactmetrics_sitenote_note":"","_exactmetrics_sitenote_category":0,"footnotes":""},"class_list":["post-1606","page","type-page","status-publish","hentry"],"yoast_head":"<!-- This site is optimized with the Yoast SEO plugin v26.9 - https:\/\/yoast.com\/product\/yoast-seo-wordpress\/ -->\n<title>Herramienta de instalaci\u00f3n flexible | IFE GROUP<\/title>\n<meta name=\"description\" content=\"El destornillador con casquillo reversible en dos extremos (suministrado con cada herramienta) sirve para los dos tama\u00f1os de cabeza hexagonal m\u00e1s utilizados para los flejes de las abrazaderas.\" \/>\n<meta name=\"robots\" content=\"index, follow, max-snippet:-1, max-image-preview:large, max-video-preview:-1\" \/>\n<link rel=\"canonical\" href=\"https:\/\/creativebonfire.com\/ife\/productos\/especiales\/herramienta-de-instalacion-flexible\/?lang=es\" \/>\n<meta property=\"og:locale\" content=\"en_US\" \/>\n<meta property=\"og:type\" content=\"article\" \/>\n<meta property=\"og:title\" content=\"Herramienta de instalaci\u00f3n flexible | IFE GROUP\" \/>\n<meta property=\"og:description\" content=\"El destornillador con casquillo reversible en dos extremos (suministrado con cada herramienta) sirve para los dos tama\u00f1os de cabeza hexagonal m\u00e1s utilizados para los flejes de las abrazaderas.\" \/>\n<meta property=\"og:url\" content=\"https:\/\/creativebonfire.com\/ife\/productos\/especiales\/herramienta-de-instalacion-flexible\/?lang=es\" \/>\n<meta property=\"og:site_name\" content=\"IFE GROUP\" \/>\n<meta property=\"article:modified_time\" content=\"2020-09-13T19:26:26+00:00\" \/>\n<meta name=\"twitter:card\" content=\"summary_large_image\" \/>\n<meta name=\"twitter:label1\" content=\"Est. reading time\" \/>\n\t<meta name=\"twitter:data1\" content=\"5 minutes\" \/>\n<script type=\"application\/ld+json\" class=\"yoast-schema-graph\">{\"@context\":\"https:\/\/schema.org\",\"@graph\":[{\"@type\":\"WebPage\",\"@id\":\"https:\/\/creativebonfire.com\/ife\/productos\/especiales\/herramienta-de-instalacion-flexible\/?lang=es\",\"url\":\"https:\/\/creativebonfire.com\/ife\/productos\/especiales\/herramienta-de-instalacion-flexible\/?lang=es\",\"name\":\"Herramienta de instalaci\u00f3n flexible | IFE GROUP\",\"isPartOf\":{\"@id\":\"https:\/\/creativebonfire.com\/ife\/#website\"},\"datePublished\":\"2019-06-10T22:14:57+00:00\",\"dateModified\":\"2020-09-13T19:26:26+00:00\",\"description\":\"El destornillador con casquillo reversible en dos extremos (suministrado con cada herramienta) sirve para los dos tama\u00f1os de cabeza hexagonal m\u00e1s utilizados para los flejes de las abrazaderas.\",\"breadcrumb\":{\"@id\":\"https:\/\/creativebonfire.com\/ife\/productos\/especiales\/herramienta-de-instalacion-flexible\/?lang=es#breadcrumb\"},\"inLanguage\":\"en-US\",\"potentialAction\":[{\"@type\":\"ReadAction\",\"target\":[\"https:\/\/creativebonfire.com\/ife\/productos\/especiales\/herramienta-de-instalacion-flexible\/?lang=es\"]}]},{\"@type\":\"BreadcrumbList\",\"@id\":\"https:\/\/creativebonfire.com\/ife\/productos\/especiales\/herramienta-de-instalacion-flexible\/?lang=es#breadcrumb\",\"itemListElement\":[{\"@type\":\"ListItem\",\"position\":1,\"name\":\"Home\",\"item\":\"https:\/\/creativebonfire.com\/ife\/\"},{\"@type\":\"ListItem\",\"position\":2,\"name\":\"Productos\",\"item\":\"https:\/\/creativebonfire.com\/ife\/productos\/?lang=es\"},{\"@type\":\"ListItem\",\"position\":3,\"name\":\"Especiales\",\"item\":\"https:\/\/creativebonfire.com\/ife\/productos\/especiales\/?lang=es\"},{\"@type\":\"ListItem\",\"position\":4,\"name\":\"Herramienta de instalaci\u00f3n flexible\"}]},{\"@type\":\"WebSite\",\"@id\":\"https:\/\/creativebonfire.com\/ife\/#website\",\"url\":\"https:\/\/creativebonfire.com\/ife\/\",\"name\":\"IFE Americas, Inc.\",\"description\":\"Fluid Systems Components\",\"publisher\":{\"@id\":\"https:\/\/creativebonfire.com\/ife\/#organization\"},\"potentialAction\":[{\"@type\":\"SearchAction\",\"target\":{\"@type\":\"EntryPoint\",\"urlTemplate\":\"https:\/\/creativebonfire.com\/ife\/?s={search_term_string}\"},\"query-input\":{\"@type\":\"PropertyValueSpecification\",\"valueRequired\":true,\"valueName\":\"search_term_string\"}}],\"inLanguage\":\"en-US\"},{\"@type\":\"Organization\",\"@id\":\"https:\/\/creativebonfire.com\/ife\/#organization\",\"name\":\"IFE Americas\",\"url\":\"https:\/\/creativebonfire.com\/ife\/\",\"logo\":{\"@type\":\"ImageObject\",\"inLanguage\":\"en-US\",\"@id\":\"https:\/\/creativebonfire.com\/ife\/#\/schema\/logo\/image\/\",\"url\":\"https:\/\/creativebonfire.com\/ife\/wp-content\/uploads\/2018\/11\/ife-logo.png\",\"contentUrl\":\"https:\/\/creativebonfire.com\/ife\/wp-content\/uploads\/2018\/11\/ife-logo.png\",\"width\":888,\"height\":252,\"caption\":\"IFE Americas\"},\"image\":{\"@id\":\"https:\/\/creativebonfire.com\/ife\/#\/schema\/logo\/image\/\"}}]}<\/script>\n<!-- \/ Yoast SEO plugin. -->","yoast_head_json":{"title":"Herramienta de instalaci\u00f3n flexible | IFE GROUP","description":"El destornillador con casquillo reversible en dos extremos (suministrado con cada herramienta) sirve para los dos tama\u00f1os de cabeza hexagonal m\u00e1s utilizados para los flejes de las abrazaderas.","robots":{"index":"index","follow":"follow","max-snippet":"max-snippet:-1","max-image-preview":"max-image-preview:large","max-video-preview":"max-video-preview:-1"},"canonical":"https:\/\/creativebonfire.com\/ife\/productos\/especiales\/herramienta-de-instalacion-flexible\/?lang=es","og_locale":"en_US","og_type":"article","og_title":"Herramienta de instalaci\u00f3n flexible | IFE GROUP","og_description":"El destornillador con casquillo reversible en dos extremos (suministrado con cada herramienta) sirve para los dos tama\u00f1os de cabeza hexagonal m\u00e1s utilizados para los flejes de las abrazaderas.","og_url":"https:\/\/creativebonfire.com\/ife\/productos\/especiales\/herramienta-de-instalacion-flexible\/?lang=es","og_site_name":"IFE GROUP","article_modified_time":"2020-09-13T19:26:26+00:00","twitter_card":"summary_large_image","twitter_misc":{"Est. reading time":"5 minutes"},"schema":{"@context":"https:\/\/schema.org","@graph":[{"@type":"WebPage","@id":"https:\/\/creativebonfire.com\/ife\/productos\/especiales\/herramienta-de-instalacion-flexible\/?lang=es","url":"https:\/\/creativebonfire.com\/ife\/productos\/especiales\/herramienta-de-instalacion-flexible\/?lang=es","name":"Herramienta de instalaci\u00f3n flexible | IFE GROUP","isPartOf":{"@id":"https:\/\/creativebonfire.com\/ife\/#website"},"datePublished":"2019-06-10T22:14:57+00:00","dateModified":"2020-09-13T19:26:26+00:00","description":"El destornillador con casquillo reversible en dos extremos (suministrado con cada herramienta) sirve para los dos tama\u00f1os de cabeza hexagonal m\u00e1s utilizados para los flejes de las abrazaderas.","breadcrumb":{"@id":"https:\/\/creativebonfire.com\/ife\/productos\/especiales\/herramienta-de-instalacion-flexible\/?lang=es#breadcrumb"},"inLanguage":"en-US","potentialAction":[{"@type":"ReadAction","target":["https:\/\/creativebonfire.com\/ife\/productos\/especiales\/herramienta-de-instalacion-flexible\/?lang=es"]}]},{"@type":"BreadcrumbList","@id":"https:\/\/creativebonfire.com\/ife\/productos\/especiales\/herramienta-de-instalacion-flexible\/?lang=es#breadcrumb","itemListElement":[{"@type":"ListItem","position":1,"name":"Home","item":"https:\/\/creativebonfire.com\/ife\/"},{"@type":"ListItem","position":2,"name":"Productos","item":"https:\/\/creativebonfire.com\/ife\/productos\/?lang=es"},{"@type":"ListItem","position":3,"name":"Especiales","item":"https:\/\/creativebonfire.com\/ife\/productos\/especiales\/?lang=es"},{"@type":"ListItem","position":4,"name":"Herramienta de instalaci\u00f3n flexible"}]},{"@type":"WebSite","@id":"https:\/\/creativebonfire.com\/ife\/#website","url":"https:\/\/creativebonfire.com\/ife\/","name":"IFE Americas, Inc.","description":"Fluid Systems Components","publisher":{"@id":"https:\/\/creativebonfire.com\/ife\/#organization"},"potentialAction":[{"@type":"SearchAction","target":{"@type":"EntryPoint","urlTemplate":"https:\/\/creativebonfire.com\/ife\/?s={search_term_string}"},"query-input":{"@type":"PropertyValueSpecification","valueRequired":true,"valueName":"search_term_string"}}],"inLanguage":"en-US"},{"@type":"Organization","@id":"https:\/\/creativebonfire.com\/ife\/#organization","name":"IFE Americas","url":"https:\/\/creativebonfire.com\/ife\/","logo":{"@type":"ImageObject","inLanguage":"en-US","@id":"https:\/\/creativebonfire.com\/ife\/#\/schema\/logo\/image\/","url":"https:\/\/creativebonfire.com\/ife\/wp-content\/uploads\/2018\/11\/ife-logo.png","contentUrl":"https:\/\/creativebonfire.com\/ife\/wp-content\/uploads\/2018\/11\/ife-logo.png","width":888,"height":252,"caption":"IFE Americas"},"image":{"@id":"https:\/\/creativebonfire.com\/ife\/#\/schema\/logo\/image\/"}}]}},"_links":{"self":[{"href":"https:\/\/creativebonfire.com\/ife\/wp-json\/wp\/v2\/pages\/1606","targetHints":{"allow":["GET"]}}],"collection":[{"href":"https:\/\/creativebonfire.com\/ife\/wp-json\/wp\/v2\/pages"}],"about":[{"href":"https:\/\/creativebonfire.com\/ife\/wp-json\/wp\/v2\/types\/page"}],"author":[{"embeddable":true,"href":"https:\/\/creativebonfire.com\/ife\/wp-json\/wp\/v2\/users\/2"}],"replies":[{"embeddable":true,"href":"https:\/\/creativebonfire.com\/ife\/wp-json\/wp\/v2\/comments?post=1606"}],"version-history":[{"count":4,"href":"https:\/\/creativebonfire.com\/ife\/wp-json\/wp\/v2\/pages\/1606\/revisions"}],"predecessor-version":[{"id":2539,"href":"https:\/\/creativebonfire.com\/ife\/wp-json\/wp\/v2\/pages\/1606\/revisions\/2539"}],"up":[{"embeddable":true,"href":"https:\/\/creativebonfire.com\/ife\/wp-json\/wp\/v2\/pages\/1539"}],"wp:attachment":[{"href":"https:\/\/creativebonfire.com\/ife\/wp-json\/wp\/v2\/media?parent=1606"}],"curies":[{"name":"wp","href":"https:\/\/api.w.org\/{rel}","templated":true}]}}