{"id":1523,"date":"2019-06-01T22:17:56","date_gmt":"2019-06-02T02:17:56","guid":{"rendered":"http:\/\/www.creativebonfire.com\/ife\/productos\/"},"modified":"2020-01-21T11:46:52","modified_gmt":"2020-01-21T16:46:52","slug":"productos","status":"publish","type":"page","link":"https:\/\/creativebonfire.com\/ife\/productos\/?lang=es","title":{"rendered":"Productos"},"content":{"rendered":"<p>[et_pb_section fb_built=&#8221;1&#8243; fullwidth=&#8221;on&#8221; disabled_on=&#8221;on|on|&#8221; admin_label=&#8221;Mega Menu&#8221; module_class=&#8221;all-pages&#8221; _builder_version=&#8221;3.22&#8243; background_color=&#8221;#ffd24f&#8221; border_width_top=&#8221;2px&#8221; border_color_top=&#8221;#ffffff&#8221; border_width_bottom=&#8221;2px&#8221; border_color_bottom=&#8221;#ffffff&#8221; collapsed=&#8221;on&#8221;][et_pb_quadmenu menu_id=&#8221;7&#8243; menu_theme=&#8221;custom_theme_1&#8243; _builder_version=&#8221;3.17.6&#8243;][\/et_pb_quadmenu][\/et_pb_section][et_pb_section fb_built=&#8221;1&#8243; admin_label=&#8221;Intro Section&#8221; _builder_version=&#8221;3.22&#8243; background_color=&#8221;rgba(0,0,0,0.67)&#8221; custom_padding=&#8221;90px||&#8221; collapsed=&#8221;off&#8221;][et_pb_row _builder_version=&#8221;3.25&#8243; background_size=&#8221;initial&#8221; background_position=&#8221;top_left&#8221; background_repeat=&#8221;repeat&#8221; custom_padding=&#8221;||0px|&#8221;][et_pb_column type=&#8221;4_4&#8243; _builder_version=&#8221;3.25&#8243; custom_padding=&#8221;|||&#8221; custom_padding__hover=&#8221;|||&#8221;][et_pb_text admin_label=&#8221;Intro Text&#8221; _builder_version=&#8221;3.27.4&#8243; text_font=&#8221;||||||||&#8221; text_text_color=&#8221;#ffffff&#8221; text_font_size=&#8221;22px&#8221; header_text_color=&#8221;#ffd24f&#8221; header_font_size=&#8221;60px&#8221; header_2_text_color=&#8221;#ffffff&#8221; header_2_font_size=&#8221;36px&#8221; text_orientation=&#8221;center&#8221; text_text_shadow_style=&#8221;preset5&#8243;]<\/p>\n<h1>IFE se enorgullece de ser su socio.<\/h1>\n<p>Ofrecemos una gama de componentes para sistemas de fluidos de la m\u00e1s alta calidad, con un nivel de servicio de primera clase.[\/et_pb_text][\/et_pb_column][\/et_pb_row][\/et_pb_section][et_pb_section fb_built=&#8221;1&#8243; admin_label=&#8221;Product Line Section&#8221; _builder_version=&#8221;4.2.1&#8243; background_color=&#8221;rgba(0,0,0,0.67)&#8221; min_height=&#8221;403px&#8221; custom_padding=&#8221;0px|||&#8221; locked=&#8221;off&#8221;][et_pb_row column_structure=&#8221;1_5,1_5,1_5,1_5,1_5&#8243; use_custom_gutter=&#8221;on&#8221; gutter_width=&#8221;2&#8243; _builder_version=&#8221;3.25&#8243;][et_pb_column type=&#8221;1_5&#8243; _builder_version=&#8221;3.25&#8243; custom_padding=&#8221;|||&#8221; custom_padding__hover=&#8221;|||&#8221;][et_pb_blurb title=&#8221;Abrazaderas para manguera&#8221; image=&#8221;https:\/\/creativebonfire.com\/ife\/wp-content\/uploads\/2018\/12\/blurb-hose1.jpg&#8221; alt=&#8221;Abrazaderas para manguera&#8221; admin_label=&#8221;Hose Clamps&#8221; _builder_version=&#8221;3.19&#8243; header_text_align=&#8221;center&#8221; header_text_color=&#8221;#000000&#8243; background_color=&#8221;#ffd24f&#8221; module_alignment=&#8221;center&#8221; link_option_url=&#8221;https:\/\/creativebonfire.com\/ife\/productos\/abrazaderas-para-manguera\/?lang=es&#8221; custom_css_blurb_image=&#8221;margin-bottom: 0px;&#8221; max_width__hover_enabled=&#8221;on&#8221; max_width__hover=&#8221;100%&#8221; border_width_all_image__hover_enabled=&#8221;on&#8221; child_filter_brightness__hover_enabled=&#8221;on&#8221; child_filter_brightness__hover=&#8221;110%&#8221; background__hover_enabled=&#8221;on&#8221; background_color__hover=&#8221;#ffe189&#8243;][\/et_pb_blurb][\/et_pb_column][et_pb_column type=&#8221;1_5&#8243; _builder_version=&#8221;3.25&#8243; custom_padding=&#8221;|||&#8221; custom_padding__hover=&#8221;|||&#8221;][et_pb_blurb title=&#8221;Uni\u00f3n de tuber\u00eda&#8221; image=&#8221;https:\/\/creativebonfire.com\/ife\/wp-content\/uploads\/2018\/12\/blurb-pipe.jpg&#8221; alt=&#8221;Uni\u00f3n de tuber\u00eda&#8221; admin_label=&#8221;Pipe Joining&#8221; _builder_version=&#8221;4.2.1&#8243; header_text_align=&#8221;center&#8221; header_text_color=&#8221;#000000&#8243; header_line_height=&#8221;2em&#8221; background_color=&#8221;#ffd24f&#8221; module_alignment=&#8221;center&#8221; min_height=&#8221;210px&#8221; link_option_url=&#8221;https:\/\/creativebonfire.com\/ife\/productos\/union-de-tuberia\/?lang=es&#8221; custom_css_blurb_image=&#8221;margin-bottom: 0px;&#8221; max_width__hover_enabled=&#8221;on&#8221; max_width__hover=&#8221;100%&#8221; border_width_all_image__hover_enabled=&#8221;on&#8221; child_filter_brightness__hover_enabled=&#8221;on&#8221; child_filter_brightness__hover=&#8221;110%&#8221; background_color__hover=&#8221;#ffe189&#8243; background__hover_enabled=&#8221;on&#8221;][\/et_pb_blurb][\/et_pb_column][et_pb_column type=&#8221;1_5&#8243; _builder_version=&#8221;3.25&#8243; custom_padding=&#8221;|||&#8221; custom_padding__hover=&#8221;|||&#8221;][et_pb_blurb title=&#8221;Montaje&#8221; image=&#8221;https:\/\/creativebonfire.com\/ife\/wp-content\/uploads\/2018\/12\/blurb-mounting.jpg&#8221; alt=&#8221;Montaje&#8221; admin_label=&#8221;Mounting&#8221; _builder_version=&#8221;4.2.1&#8243; header_text_align=&#8221;center&#8221; header_text_color=&#8221;#000000&#8243; header_line_height=&#8221;2em&#8221; background_color=&#8221;#ffd24f&#8221; module_alignment=&#8221;center&#8221; min_height=&#8221;210px&#8221; link_option_url=&#8221;https:\/\/creativebonfire.com\/ife\/productos\/montaje\/?lang=es&#8221; custom_css_blurb_image=&#8221;margin-bottom: 0px;&#8221; background_color__hover=&#8221;#ffe189&#8243; max_width__hover_enabled=&#8221;on&#8221; max_width__hover=&#8221;100%&#8221; border_width_all_image__hover_enabled=&#8221;on&#8221; child_filter_brightness__hover_enabled=&#8221;on&#8221; child_filter_brightness__hover=&#8221;110%&#8221; background__hover_enabled=&#8221;on&#8221;][\/et_pb_blurb][\/et_pb_column][et_pb_column type=&#8221;1_5&#8243; _builder_version=&#8221;3.25&#8243; custom_padding=&#8221;|||&#8221; custom_padding__hover=&#8221;|||&#8221;][et_pb_blurb title=&#8221;Mangas de protecci\u00f3n&#8221; image=&#8221;https:\/\/creativebonfire.com\/ife\/wp-content\/uploads\/2018\/12\/blurb-protection.jpg&#8221; alt=&#8221;Mangas de protecci\u00f3n&#8221; admin_label=&#8221;Protection Sleeves&#8221; _builder_version=&#8221;4.2.1&#8243; header_text_align=&#8221;center&#8221; header_text_color=&#8221;#000000&#8243; header_line_height=&#8221;2em&#8221; background_color=&#8221;#ffd24f&#8221; module_alignment=&#8221;center&#8221; min_height=&#8221;210px&#8221; custom_padding=&#8221;||||false|true&#8221; link_option_url=&#8221;https:\/\/creativebonfire.com\/ife\/productos\/mangas-de-proteccion\/?lang=es&#8221; custom_css_blurb_image=&#8221;margin-bottom: 0px;&#8221; background_color__hover=&#8221;#ffe189&#8243; max_width__hover_enabled=&#8221;on&#8221; max_width__hover=&#8221;100%&#8221; border_width_all_image__hover_enabled=&#8221;on&#8221; child_filter_brightness__hover_enabled=&#8221;on&#8221; child_filter_brightness__hover=&#8221;110%&#8221; background__hover_enabled=&#8221;on&#8221;][\/et_pb_blurb][\/et_pb_column][et_pb_column type=&#8221;1_5&#8243; _builder_version=&#8221;3.25&#8243; custom_padding=&#8221;|||&#8221; custom_padding__hover=&#8221;|||&#8221;][et_pb_blurb title=&#8221;Especiales&#8221; image=&#8221;https:\/\/creativebonfire.com\/ife\/wp-content\/uploads\/2018\/12\/blurb-specialty.jpg&#8221; alt=&#8221;Especiales&#8221; admin_label=&#8221;Specials&#8221; _builder_version=&#8221;4.2.1&#8243; header_text_align=&#8221;center&#8221; header_text_color=&#8221;#000000&#8243; header_line_height=&#8221;2em&#8221; background_color=&#8221;#ffd24f&#8221; module_alignment=&#8221;center&#8221; min_height=&#8221;210px&#8221; link_option_url=&#8221;https:\/\/creativebonfire.com\/ife\/productos\/especiales\/?lang=es&#8221; custom_css_blurb_image=&#8221;margin-bottom: 0px;&#8221; background_color__hover=&#8221;#ffe189&#8243; max_width__hover_enabled=&#8221;on&#8221; max_width__hover=&#8221;100%&#8221; border_width_all_image__hover_enabled=&#8221;on&#8221; child_filter_brightness__hover_enabled=&#8221;on&#8221; child_filter_brightness__hover=&#8221;110%&#8221; background__hover_enabled=&#8221;on&#8221;][\/et_pb_blurb][\/et_pb_column][\/et_pb_row][\/et_pb_section][et_pb_section fb_built=&#8221;1&#8243; specialty=&#8221;on&#8221; padding_bottom_2=&#8221;0px&#8221; admin_label=&#8221;Upper Footer&#8221; module_id=&#8221;upper-footer&#8221; _builder_version=&#8221;3.22&#8243; background_color=&#8221;#e6e7e8&#8243; custom_margin=&#8221;||0px|&#8221; custom_padding=&#8221;15px||0px|&#8221; border_width_top=&#8221;6px&#8221; border_color_top=&#8221;#ffd24f&#8221; collapsed=&#8221;on&#8221;][et_pb_column type=&#8221;3_4&#8243; specialty_columns=&#8221;3&#8243; _builder_version=&#8221;3.25&#8243; custom_padding=&#8221;|||&#8221; parallax__hover=&#8221;off&#8221; parallax_method__hover=&#8221;on&#8221; custom_padding__hover=&#8221;|||&#8221;][et_pb_row_inner column_structure=&#8221;1_3,1_3,1_3&#8243; admin_label=&#8221;Row&#8221; _builder_version=&#8221;3.25&#8243; custom_padding=&#8221;||0px|&#8221;][et_pb_column_inner type=&#8221;1_3&#8243; saved_specialty_column_type=&#8221;3_4&#8243; _builder_version=&#8221;3.25&#8243; custom_padding=&#8221;|||&#8221; parallax__hover=&#8221;off&#8221; parallax_method__hover=&#8221;on&#8221; custom_padding__hover=&#8221;|||&#8221;][et_pb_image src=&#8221;https:\/\/creativebonfire.com\/ife\/wp-content\/uploads\/2018\/11\/ife-logo.png&#8221; align_tablet=&#8221;center&#8221; align_phone=&#8221;&#8221; align_last_edited=&#8221;on|desktop&#8221; _builder_version=&#8221;3.23&#8243;][\/et_pb_image][\/et_pb_column_inner][et_pb_column_inner type=&#8221;1_3&#8243; saved_specialty_column_type=&#8221;3_4&#8243; _builder_version=&#8221;3.25&#8243; custom_padding=&#8221;|||&#8221; parallax__hover=&#8221;off&#8221; parallax_method__hover=&#8221;on&#8221; custom_padding__hover=&#8221;|||&#8221;][\/et_pb_column_inner][et_pb_column_inner type=&#8221;1_3&#8243; saved_specialty_column_type=&#8221;3_4&#8243; _builder_version=&#8221;3.25&#8243; custom_padding=&#8221;|||&#8221; parallax__hover=&#8221;off&#8221; parallax_method__hover=&#8221;on&#8221; custom_padding__hover=&#8221;|||&#8221;][\/et_pb_column_inner][\/et_pb_row_inner][et_pb_row_inner column_structure=&#8221;1_3,1_3,1_3&#8243; use_custom_gutter=&#8221;on&#8221; gutter_width=&#8221;2&#8243; admin_label=&#8221;Row&#8221; module_id=&#8221;upper-footer-text&#8221; _builder_version=&#8221;3.25&#8243;][et_pb_column_inner type=&#8221;1_3&#8243; saved_specialty_column_type=&#8221;3_4&#8243; _builder_version=&#8221;3.25&#8243; custom_padding=&#8221;|||&#8221; parallax__hover=&#8221;off&#8221; parallax_method__hover=&#8221;on&#8221; custom_padding__hover=&#8221;|||&#8221;][et_pb_text _builder_version=&#8221;3.27.4&#8243;]<strong>IFE Americas USA<\/strong><br \/>\n7000 Kensington Road<br \/>\nBrighton, MI 48116<br \/>\n<strong>Tel\u00e9fono:<\/strong> +1 (248) 446 1900<br \/>\n<strong>E-mail:<\/strong> <a href=\"mailto:info@ife-group.com\">info@ife-group.com<\/a>[\/et_pb_text][\/et_pb_column_inner][et_pb_column_inner type=&#8221;1_3&#8243; saved_specialty_column_type=&#8221;3_4&#8243; _builder_version=&#8221;3.25&#8243; custom_padding=&#8221;|||&#8221; parallax__hover=&#8221;off&#8221; parallax_method__hover=&#8221;on&#8221; custom_padding__hover=&#8221;|||&#8221;][et_pb_text _builder_version=&#8221;4.2.1&#8243;]<strong>IFE Americas M\u00e9xico<br \/>\n<\/strong>Bernardo Quintana 7001 Torre 2 \u2013 813<br \/>\nCol. Centro Sur. Quer\u00e9taro, Qro. 76090<br \/>\n<strong>Tel\u00e9fono:<\/strong> +52 (442) 245-1515<br \/>\n<strong>E-mail:<\/strong> <a href=\"mailto:info@ife-group.com\">info@ife-group.com<\/a>[\/et_pb_text][\/et_pb_column_inner][et_pb_column_inner type=&#8221;1_3&#8243; saved_specialty_column_type=&#8221;3_4&#8243; _builder_version=&#8221;3.25&#8243; custom_padding=&#8221;|||&#8221; parallax__hover=&#8221;off&#8221; parallax_method__hover=&#8221;on&#8221; custom_padding__hover=&#8221;|||&#8221;][et_pb_text _builder_version=&#8221;4.2.1&#8243; hover_enabled=&#8221;0&#8243;]<strong>IFE Europe Sweden<br \/>\n<\/strong>Ban\u00e9rgatan 51<br \/>\nSE-115 22 Stockholm<br \/>\n<strong>Tel\u00e9fono:<\/strong> +46 708 102 711<br \/>\n<strong>E-mail: <\/strong><a href=\"mailto:info@ife-group.com\">info@ife-group.com<\/a>[\/et_pb_text][\/et_pb_column_inner][\/et_pb_row_inner][\/et_pb_column][et_pb_column type=&#8221;1_4&#8243; _builder_version=&#8221;3.25&#8243; custom_padding=&#8221;|||&#8221; padding_bottom__hover=&#8221;0px&#8221; parallax__hover=&#8221;off&#8221; parallax_method__hover=&#8221;on&#8221; custom_padding__hover=&#8221;|||&#8221;][et_pb_sidebar area=&#8221;et_pb_widget_area_1&#8243; show_border=&#8221;off&#8221; admin_label=&#8221;Menu&#8221; _builder_version=&#8221;3.17.6&#8243; body_font=&#8221;|700|||||||&#8221; body_font_size=&#8221;18&#8243; body_line_height=&#8221;1.4em&#8221; custom_margin=&#8221;||0px|&#8221;][\/et_pb_sidebar][\/et_pb_column][\/et_pb_section]<\/p>\n","protected":false},"excerpt":{"rendered":"<p>IFE se enorgullece de ser su socio. Ofrecemos una gama de componentes para sistemas de fluidos de la m\u00e1s alta calidad, con un nivel de servicio de primera clase.IFE Americas USA 7000 Kensington Road Brighton, MI 48116 Tel\u00e9fono: +1 (248) 446 1900 E-mail: info@ife-group.comIFE Americas M\u00e9xico Bernardo Quintana 7001 Torre 2 \u2013 813 Col. Centro [&hellip;]<\/p>\n","protected":false},"author":2,"featured_media":0,"parent":0,"menu_order":7,"comment_status":"closed","ping_status":"closed","template":"","meta":{"_et_pb_use_builder":"on","_et_pb_old_content":"","_et_gb_content_width":"","_exactmetrics_skip_tracking":false,"_exactmetrics_sitenote_active":false,"_exactmetrics_sitenote_note":"","_exactmetrics_sitenote_category":0,"footnotes":""},"class_list":["post-1523","page","type-page","status-publish","hentry"],"yoast_head":"<!-- This site is optimized with the Yoast SEO plugin v26.9 - https:\/\/yoast.com\/product\/yoast-seo-wordpress\/ -->\n<title>Productos | IFE GROUP<\/title>\n<meta name=\"description\" content=\"Una gama completa de abrazaderas, coples para tuber\u00eda, cinchos de montaje, tubos termoencogibles y otros productos para sistemas de fluidos.\" \/>\n<meta name=\"robots\" content=\"index, follow, max-snippet:-1, max-image-preview:large, max-video-preview:-1\" \/>\n<link rel=\"canonical\" href=\"https:\/\/creativebonfire.com\/ife\/productos\/?lang=es\" \/>\n<meta property=\"og:locale\" content=\"en_US\" \/>\n<meta property=\"og:type\" content=\"article\" \/>\n<meta property=\"og:title\" content=\"Productos | IFE GROUP\" \/>\n<meta property=\"og:description\" content=\"Una gama completa de abrazaderas, coples para tuber\u00eda, cinchos de montaje, tubos termoencogibles y otros productos para sistemas de fluidos.\" \/>\n<meta property=\"og:url\" content=\"https:\/\/creativebonfire.com\/ife\/productos\/?lang=es\" \/>\n<meta property=\"og:site_name\" content=\"IFE GROUP\" \/>\n<meta property=\"article:modified_time\" content=\"2020-01-21T16:46:52+00:00\" \/>\n<meta name=\"twitter:card\" content=\"summary_large_image\" \/>\n<meta name=\"twitter:label1\" content=\"Est. reading time\" \/>\n\t<meta name=\"twitter:data1\" content=\"6 minutes\" \/>\n<script type=\"application\/ld+json\" class=\"yoast-schema-graph\">{\"@context\":\"https:\/\/schema.org\",\"@graph\":[{\"@type\":\"WebPage\",\"@id\":\"https:\/\/creativebonfire.com\/ife\/productos\/?lang=es\",\"url\":\"https:\/\/creativebonfire.com\/ife\/productos\/?lang=es\",\"name\":\"Productos | IFE GROUP\",\"isPartOf\":{\"@id\":\"https:\/\/creativebonfire.com\/ife\/#website\"},\"datePublished\":\"2019-06-02T02:17:56+00:00\",\"dateModified\":\"2020-01-21T16:46:52+00:00\",\"description\":\"Una gama completa de abrazaderas, coples para tuber\u00eda, cinchos de montaje, tubos termoencogibles y otros productos para sistemas de fluidos.\",\"breadcrumb\":{\"@id\":\"https:\/\/creativebonfire.com\/ife\/productos\/?lang=es#breadcrumb\"},\"inLanguage\":\"en-US\",\"potentialAction\":[{\"@type\":\"ReadAction\",\"target\":[\"https:\/\/creativebonfire.com\/ife\/productos\/?lang=es\"]}]},{\"@type\":\"BreadcrumbList\",\"@id\":\"https:\/\/creativebonfire.com\/ife\/productos\/?lang=es#breadcrumb\",\"itemListElement\":[{\"@type\":\"ListItem\",\"position\":1,\"name\":\"Home\",\"item\":\"https:\/\/creativebonfire.com\/ife\/\"},{\"@type\":\"ListItem\",\"position\":2,\"name\":\"Productos\"}]},{\"@type\":\"WebSite\",\"@id\":\"https:\/\/creativebonfire.com\/ife\/#website\",\"url\":\"https:\/\/creativebonfire.com\/ife\/\",\"name\":\"IFE Americas, Inc.\",\"description\":\"Fluid Systems Components\",\"publisher\":{\"@id\":\"https:\/\/creativebonfire.com\/ife\/#organization\"},\"potentialAction\":[{\"@type\":\"SearchAction\",\"target\":{\"@type\":\"EntryPoint\",\"urlTemplate\":\"https:\/\/creativebonfire.com\/ife\/?s={search_term_string}\"},\"query-input\":{\"@type\":\"PropertyValueSpecification\",\"valueRequired\":true,\"valueName\":\"search_term_string\"}}],\"inLanguage\":\"en-US\"},{\"@type\":\"Organization\",\"@id\":\"https:\/\/creativebonfire.com\/ife\/#organization\",\"name\":\"IFE Americas\",\"url\":\"https:\/\/creativebonfire.com\/ife\/\",\"logo\":{\"@type\":\"ImageObject\",\"inLanguage\":\"en-US\",\"@id\":\"https:\/\/creativebonfire.com\/ife\/#\/schema\/logo\/image\/\",\"url\":\"https:\/\/creativebonfire.com\/ife\/wp-content\/uploads\/2018\/11\/ife-logo.png\",\"contentUrl\":\"https:\/\/creativebonfire.com\/ife\/wp-content\/uploads\/2018\/11\/ife-logo.png\",\"width\":888,\"height\":252,\"caption\":\"IFE Americas\"},\"image\":{\"@id\":\"https:\/\/creativebonfire.com\/ife\/#\/schema\/logo\/image\/\"}}]}<\/script>\n<!-- \/ Yoast SEO plugin. -->","yoast_head_json":{"title":"Productos | IFE GROUP","description":"Una gama completa de abrazaderas, coples para tuber\u00eda, cinchos de montaje, tubos termoencogibles y otros productos para sistemas de fluidos.","robots":{"index":"index","follow":"follow","max-snippet":"max-snippet:-1","max-image-preview":"max-image-preview:large","max-video-preview":"max-video-preview:-1"},"canonical":"https:\/\/creativebonfire.com\/ife\/productos\/?lang=es","og_locale":"en_US","og_type":"article","og_title":"Productos | IFE GROUP","og_description":"Una gama completa de abrazaderas, coples para tuber\u00eda, cinchos de montaje, tubos termoencogibles y otros productos para sistemas de fluidos.","og_url":"https:\/\/creativebonfire.com\/ife\/productos\/?lang=es","og_site_name":"IFE GROUP","article_modified_time":"2020-01-21T16:46:52+00:00","twitter_card":"summary_large_image","twitter_misc":{"Est. reading time":"6 minutes"},"schema":{"@context":"https:\/\/schema.org","@graph":[{"@type":"WebPage","@id":"https:\/\/creativebonfire.com\/ife\/productos\/?lang=es","url":"https:\/\/creativebonfire.com\/ife\/productos\/?lang=es","name":"Productos | IFE GROUP","isPartOf":{"@id":"https:\/\/creativebonfire.com\/ife\/#website"},"datePublished":"2019-06-02T02:17:56+00:00","dateModified":"2020-01-21T16:46:52+00:00","description":"Una gama completa de abrazaderas, coples para tuber\u00eda, cinchos de montaje, tubos termoencogibles y otros productos para sistemas de fluidos.","breadcrumb":{"@id":"https:\/\/creativebonfire.com\/ife\/productos\/?lang=es#breadcrumb"},"inLanguage":"en-US","potentialAction":[{"@type":"ReadAction","target":["https:\/\/creativebonfire.com\/ife\/productos\/?lang=es"]}]},{"@type":"BreadcrumbList","@id":"https:\/\/creativebonfire.com\/ife\/productos\/?lang=es#breadcrumb","itemListElement":[{"@type":"ListItem","position":1,"name":"Home","item":"https:\/\/creativebonfire.com\/ife\/"},{"@type":"ListItem","position":2,"name":"Productos"}]},{"@type":"WebSite","@id":"https:\/\/creativebonfire.com\/ife\/#website","url":"https:\/\/creativebonfire.com\/ife\/","name":"IFE Americas, Inc.","description":"Fluid Systems Components","publisher":{"@id":"https:\/\/creativebonfire.com\/ife\/#organization"},"potentialAction":[{"@type":"SearchAction","target":{"@type":"EntryPoint","urlTemplate":"https:\/\/creativebonfire.com\/ife\/?s={search_term_string}"},"query-input":{"@type":"PropertyValueSpecification","valueRequired":true,"valueName":"search_term_string"}}],"inLanguage":"en-US"},{"@type":"Organization","@id":"https:\/\/creativebonfire.com\/ife\/#organization","name":"IFE Americas","url":"https:\/\/creativebonfire.com\/ife\/","logo":{"@type":"ImageObject","inLanguage":"en-US","@id":"https:\/\/creativebonfire.com\/ife\/#\/schema\/logo\/image\/","url":"https:\/\/creativebonfire.com\/ife\/wp-content\/uploads\/2018\/11\/ife-logo.png","contentUrl":"https:\/\/creativebonfire.com\/ife\/wp-content\/uploads\/2018\/11\/ife-logo.png","width":888,"height":252,"caption":"IFE Americas"},"image":{"@id":"https:\/\/creativebonfire.com\/ife\/#\/schema\/logo\/image\/"}}]}},"_links":{"self":[{"href":"https:\/\/creativebonfire.com\/ife\/wp-json\/wp\/v2\/pages\/1523","targetHints":{"allow":["GET"]}}],"collection":[{"href":"https:\/\/creativebonfire.com\/ife\/wp-json\/wp\/v2\/pages"}],"about":[{"href":"https:\/\/creativebonfire.com\/ife\/wp-json\/wp\/v2\/types\/page"}],"author":[{"embeddable":true,"href":"https:\/\/creativebonfire.com\/ife\/wp-json\/wp\/v2\/users\/2"}],"replies":[{"embeddable":true,"href":"https:\/\/creativebonfire.com\/ife\/wp-json\/wp\/v2\/comments?post=1523"}],"version-history":[{"count":21,"href":"https:\/\/creativebonfire.com\/ife\/wp-json\/wp\/v2\/pages\/1523\/revisions"}],"predecessor-version":[{"id":2211,"href":"https:\/\/creativebonfire.com\/ife\/wp-json\/wp\/v2\/pages\/1523\/revisions\/2211"}],"wp:attachment":[{"href":"https:\/\/creativebonfire.com\/ife\/wp-json\/wp\/v2\/media?parent=1523"}],"curies":[{"name":"wp","href":"https:\/\/api.w.org\/{rel}","templated":true}]}}